-o**2 - 3. Let b(s) = 5 + 3*s**2 - 2*s**2 + s**2. Let v(d) = n*b(d) + 7*l(d). Calculate v(2).
3
Let n(g) = g**2 - 9*g - 7. Suppose 0 = -0*w + w - 6*w. Let h be (44/(-33))/(w - 4/30). Calculate n(h).
3
Let t(a) = a - 1. Let c = -9 - -97. Let v(s) = -c - 26 + 23*s + 72*s. Let o(m) = 114*t(m) - v(m). Determine o(1).
19
Let y(w) be the second derivative of 0 - w**2 - 1/60*w**5 - 1/24*w**4 + 3*w + 5/6*w**3. Let j(r) be the first derivative of y(r). Determine j(-4).
-7
Let y(s) be the second derivative of s**4/12 - 11*s**3/6 - s**2/2 - 5*s + 7. Give y(11).
-1
Suppose v + 1 = 0, -10 = -2*x + v - 5*v. Suppose 3*r + 14 = -x. Let h(m) = m**3 + 7*m**2 + m + 4. What is h(r)?
-3
Let a(d) = 5*d - 142. Let n be a(30). Let s(r) = -r + 1. Determine s(n).
-7
Let b(u) = -u**2 - u + 12. Let c(s) = -2*s**2 - s + 24. Let y(w) = -5*b(w) + 3*c(w). Let z(q) be the first derivative of y(q). Determine z(2).
-2
Let y(d) = -d**2 + 3*d + 8. Let a(i) = -4*i**2 - 5*i - 4. Let w be a(-2). Let s = 16 + w. Give y(s).
-10
Let u(n) = n**2 + 7*n - 3. Let c be u(-8). Let l be (c + 2)/(6 + -5). Suppose g - l = -1. Let b(y) = y**3 - 6*y**2 + 2. Calculate b(g).
2
Let f(p) = p**2 + 4*p + 8. Suppose 7*x = -8 - 34. Determine f(x).
20
Let o(m) = 31*m**2 - 2*m - 2. Let d be o(-1). Let a(i) = 52*i - 24*i - d*i - 1. What is a(4)?
-13
Let o(u) = u**2 + 8*u - 8. Let d = 69 + -69. Suppose d = 5*g + 6 + 34. Calculate o(g).
-8
Let k(r) be the second derivative of -r**5/20 - r**4/6 + r**3/6 - r**2 + r. Let x be (6/(-1 + (-3)/6))/1. Determine k(x).
26
Let g(a) = -1001 + 3*a**2 - 2*a**2 - 1008 + 3*a + 2004. Give g(5).
35
Suppose -2*x + 26 = h + 8, 42 = 4*h - 2*x. Let y(d) be the second derivative of h*d**3 - 7*d**3 - 6*d - 3*d**3. What is y(1)?
12
Let u(g) = 3*g - 18. Let q = 1148 - 1139. What is u(q)?
9
Let o(t) = -202*t + 421*t + t**3 - 14 - 13*t**2 - 206*t. Determine o(12).
-2
Let o(z) be the third derivative of -z**4/24 - 2*z**3 + 187*z**2. Determine o(-11).
-1
Suppose 0 = 3*r + 2 - 11. Let o(b) = 0*b**2 + 2*b**3 + 7 - 5 - 1 + 3 - 5*b**2 + 2*b. Calculate o(r).
19
Let u(y) be the third derivative of -y**4/24 - y**3 - 18*y**2 + y. Suppose q = -24 + 19. Give u(q).
-1
Let d(t) = -t + 7. Let k = -6 - -4. Let h = 63 - 64. Let n be k/h - (-9)/3. Calculate d(n).
2
Let j(r) = -r - 1. Let c(p) = 7*p**2 - 2*p + 1. Let v be c(1). Let z be v/21 + 92/(-28). Calculate j(z).
2
Let m(g) = 3*g + 6. Let n be m(0). Let k be (-3)/2*2 + n. Suppose 14 = -k*c + 2. Let d(j) = 2*j + 1. Give d(c).
-7
Let h(r) = 8*r - 7. Let m(a) = a - 2. Let x(q) = -h(q) + 6*m(q). Calculate x(4).
-13
Let v(l) = -5*l. Let s(y) = 26*y - 1. Let o be (0 - (-4 + -8)) + -1. Let z(k) = o*v(k) + 2*s(k). Suppose 5*h - h = w - 15, h + 5*w = 12. What is z(h)?
7
Let c(z) = -7*z - 11. Let y be c(-1). Let k(m) = -m + 2. Determine k(y).
6
Let q(t) = -t**2 + 9*t - 18. Suppose -54 = -804*k + 795*k. Give q(k).
0
Let p(t) = t + 23. Let s be p(0). Let u(m) = -9 + s - 18 + 3*m. Calculate u(4).
8
Suppose -4*a + 5*z + 1 = 0, -3*a + z + 8 + 1 = 0. Suppose -3*k + 5*t + 181 = 0, 2*k = -a*t - 60 + 166. Let d(y) = -6*y + 4*y - k + 58. Determine d(3).
-5
Let g(q) be the second derivative of -q**5/20 - 2*q**4/3 - q**3 + q**2 + 52*q + 2. What is g(-7)?
-5
Let g(z) = -z - 3 + 8 + 2. Let b(c) = c**3 - 5*c**2 + 4*c + 5. Let x be b(4). Let t be (0*(-1)/1)/(-4 + x). Determine g(t).
7
Let q = -121 + 136. Let k(a) = a**3 - 16*a**2 + 14*a + 18. Give k(q).
3
Suppose -183 - 167 = 25*v. Let i(u) = 2*u + 23. What is i(v)?
-5
Suppose -3 = -a + z - 4, -a + 19 = 4*z. Suppose v = 5 - a. Let b(f) be the first derivative of -f**4/4 + 4*f**3/3 - 3*f**2/2 - 13. Give b(v).
2
Let p(u) be the second derivative of 5*u + 0 - 1/120*u**6 + 1/3*u**3 + 1/12*u**5 + 7/24*u**4 + 9/2*u**2. Let o(i) be the first derivative of p(i). Give o(6).
8
Let q(c) = 3*c**2 - 1 - 3 - 1. Let r(b) = -b**2 + 1. Let i(n) = -q(n) - 6*r(n). Suppose -545*d + 613*d = 136. Give i(d).
11
Let y(d) = -d + 1. Suppose 11*s - 6*s = 25. Suppose -7 = -s*h + 13. Give y(h).
-3
Let s = -56 - -47. Let a = s - -9. Let l(r) = -r + 1. Determine l(a).
1
Let z(s) = s**3 + 6*s**2 + 7*s + 6. Let l = 32 + 1. Let u = 28 - l. Determine z(u).
-4
Let z(q) = q**3 - 7*q**2 + q - 7. Suppose 2*w + 4 = 4*w. Suppose w*a - 21 = -7. Calculate z(a).
0
Let s be (-105)/(-18) - (-2)/12. Let k = -12 + s. Let z(l) = 6 + 10*l**2 + 5*l - 25*l**2 + 7*l**2 + 9*l**2. Calculate z(k).
12
Let t(r) be the third derivative of r**6/15 - r**4/24 + 48*r**2 - 2. Let y = 1 - 2. Calculate t(y).
-7
Suppose 2*s + 3 = 3*l + s, 3*l - 2*s = 0. Let v(d) = -d**3 - l + 2*d + 5 - 2*d**2 + 5*d - 4*d. Give v(-3).
3
Suppose -6*y = -2 + 44. Let b(v) = 8*v**2 + 13*v + 4. Let o(g) = 7*g**2 + 12*g + 3. Let a(l) = y*o(l) + 6*b(l). Calculate a(-6).
3
Let m(t) = -2*t - 85. Let i be m(-40). Let y(u) = -u**2 - 4*u + 2. Give y(i).
-3
Let v(i) = i**3 - 2*i**2 + 2*i + 2. Let p be v(2). Let m(w) = w - 2. Let z(h) = -2*h + 5. Let r(q) = 8*m(q) + 5*z(q). What is r(p)?
-3
Let f(v) = -v + 3*v - v. Suppose -2*d + 6 = 8. Determine f(d).
-1
Let b(x) be the third derivative of -11*x**4/8 + 8*x**2 - 14. What is b(1)?
-33
Let w be (8/10)/(3/30). Let v(m) be the third derivative of m**5/60 - m**4/3 - m**3/2 - 1173*m**2. What is v(w)?
-3
Let l be 4/3*27/(-6). Let o(q) = 7 - 5*q + 8*q + 3 - 1. Give o(l).
-9
Let d(n) = -n**2 - 3*n + 6. Suppose -3*r - 13 = 3*t + 2*t, 0 = -3*t + 4*r - 31. Determine d(t).
-4
Let j be (-4)/(-12)*-3*(-1 + 0). Let v(o) = -8*o - 1. Let g(n) = -n - 1. Let u(b) = j*v(b) - 2*g(b). What is u(1)?
-5
Suppose 0 = -6*w + 10*w + 36. Suppose 0 = -4*l + 17 - 5. Let p(x) = 4*x + l - 7 - 5*x. Give p(w).
5
Suppose 69*g = 71*g + 20. Let n(u) = u**3 + 9*u**2 - 12*u - 24. What is n(g)?
-4
Let z(u) = -u**3 + 11*u**2 - 10*u + 6. Let f be z(10). Let m(x) = 3*x**2 + 68*x - 74*x - 4*x**2 - f. Calculate m(-6).
-6
Let u be (-76)/(-18) - 8/36. Let s(k) = 5*k**3 - 3*k**2 + 37*k + 27. Let t(i) = -i**3 + i**2 - 7*i - 5. Let c(b) = -2*s(b) - 11*t(b). What is c(u)?
-3
Let d(x) = -78*x - x**3 - 6*x**2 - 15 + 86*x + 5. Calculate d(-7).
-17
Let a(w) be the first derivative of w**3/3 + 6*w**2 + 12*w - 8. Let p be a(-11). Let r(j) = 5*j - 2*j - 3 + 2. What is r(p)?
2
Let a = 32 - 26. Suppose 0 = a*d - d - 3*u + 3, -5 = -5*u. Let m(i) be the second derivative of i**5/20 + i**4/12 + i**3/6 - i**2/2 + 2*i. Calculate m(d).
-1
Let k(n) = -n - 42 + 20 + 43. Give k(11).
10
Let z(q) = 0*q + 1 - 4*q + 2*q + 3*q. Let g be (14 - 38)/4 - 1*-10. Determine z(g).
5
Suppose -18 = -17*g + 14*g. Let h(l) = -1 - 1 - 2 + l + g. Determine h(-6).
-4
Let q(n) = -2*n - 11 - 9 + 30 + 21. Determine q(12).
7
Let v(x) be the third derivative of x**6/120 + 2*x**5/15 + 5*x**4/12 + 13*x**3/6 - 236*x**2. What is v(-7)?
-8
Let x(w) be the third derivative of w**5/60 - w**4/4 - w**3 - 52*w**2. What is x(8)?
10
Let q(h) = -h**3 - 2*h**2 + h - 3. Suppose 0 = 12*x + 18 + 6. Determine q(x).
-5
Let k be (-4)/32*-4*10. Let r = 9 - k. Let c(s) = s + 3. Calculate c(r).
7
Suppose 3*v - 3 - 2 = 4*y, 4*y + 3 = 5*v. Let l(r) = r - 2 + 2. What is l(y)?
-2
Let c = -852 + 842. Let z(d) = d**3 + 9*d**2 - 10*d + 4. What is z(c)?
4
Let z(l) = 7*l**2 - 3*l - 4. Let u(a) = -2*a**2 + 2*a - 1. Let s(k) = -3*u(k) - z(k). What is s(-3)?
7
Suppose -h = 9 - 21. Let g(o) = -o + 7. Determine g(h).
-5
Let x(n) be the first derivative of 3*n**4/2 + n**3/3 - n + 4. Let k(c) = c**3 - 9*c**2 + 8*c - 12. Let j be k(8). Let p be (-2)/(j/(-4) + -1). What is x(p)?
-6
Let a(f) = f**3 - f**2 + 1. Let j be 0 + 3 - (-2 - -2). Let n(o) = 5*o**2 + 0*o - 6 + 2*o - 5*o**j - 2*o**2 + 1. Let y(t) = 4*a(t) + n(t). Determine y(-2).
-1
Let v(f) = -5*f + 1. Let j = 235 - 234. Calculate v(j).
-4
Let p(c) = 4*c - 15. Let w(k) = -k**3 + 4*k**2 + 58*k + 24. Let u be w(10). Calculate p(u).
1
Let k(d) = -7*d**2 + d. Suppose 18 + 26 = -4*w. Let c = 12 + w. Give k(c).
-6
Let l(o) = -2*o**2 + o + 82. Let p be l(-6). Let c(s) = -s**3 + 4*s**2 - s + 4. Calculate c(p).
0
Let r(g) = -8*g - 36. Let f(c) = 11*c + 35. Let i(o) = 2*f(o) + 3*r(o). What is i(-21)?
4
Let l(y) = -y**2 + 10*y - 7. Let h(t) = -t + 1. Let j(q) = 2*h(q) + l(q). Give j(8).
-5
Let q = 17 + -15. Let g(p) = 1 - 2*p**q + p - 2*p + 3*p. Suppose o - 1 = 2*o. What is g(o)?
-3
Let p(d) be the second derivative of d**4/12 + 2*d**3/3 + 8*d. Suppose -w 